{"id":2,"date":"2020-06-24T13:13:03","date_gmt":"2020-06-24T16:13:03","guid":{"rendered":"http:\/\/docentes.ifg.edu.br\/waldeyr\/?page_id=2"},"modified":"2022-03-10T07:34:08","modified_gmt":"2022-03-10T10:34:08","slug":"pagina-exemplo","status":"publish","type":"page","link":"https:\/\/docentes.ifg.edu.br\/waldeyr\/","title":{"rendered":"Prof. Waldeyr Mendes Cordeiro da Silva"},"content":{"rendered":"<p><img loading=\"lazy\" decoding=\"async\" class=\"alignleft size-full wp-image-20\" src=\"http:\/\/docentes.ifg.edu.br\/waldeyr\/wp-content\/uploads\/sites\/19\/2020\/06\/2021_fuzzy.png\" alt=\"2021_fuzzy\" width=\"200\" height=\"240\" \/>Waldeyr Mendes Cordeiro da Silva, professor no Instituto Federal de Goi\u00e1s em Formosa, uma cidade da regi\u00e3o metropolitana de Bras\u00edlia.\u00a0Tamb\u00e9m \u00e9 pesquisador colaborador cadastrado na Universidade de Bras\u00edlia nos Programa de P\u00f3s-Gradua\u00e7\u00e3o em Biologia Molecular e Microbiologia.\u00a0Outras colabora\u00e7\u00f5es cient\u00edficas que mant\u00e9m, incluem a Universidade de Leipzig na Alemanha, a Universidade de Viena na \u00c1ustria e a Universidade Federal do Amazonas.\u00a0Interesses de pesquisa s\u00e3o diversificados, mas convergentes para o uso de Tecnologia da Informa\u00e7\u00e3o para solucionar problemas biol\u00f3gicos, sociais e de neg\u00f3cios.<\/p>\n<p>Quanto \u00e0 forma\u00e7\u00e3o, Doutor em Ci\u00eancias Biol\u00f3gicas com tese na \u00e1rea de Bioinform\u00e1tica, Mestre em Inform\u00e1tica, Especialista em Seguran\u00e7a da Informa\u00e7\u00e3o e Comunica\u00e7\u00f5es, Especialista em Engenharia de Software, Licenciado em Biologia, Bacharel em Sistemas de Informa\u00e7\u00e3o, e T\u00e9cnico em Processamento de Dados.<\/p>\n<p>Palavras-chave para descrever seu trabalho: Tecnologia da Informa\u00e7\u00e3o; Bioinform\u00e1tica; modelagem de processos; programa\u00e7\u00e3o de computadores; bancos de dados; an\u00e1lise de sistemas;<\/p>\n<div>\n<hr \/>\n<p><em>Waldeyr Mendes Cordeiro da Silva is a\u00a0lecturer at the Federal Institute of Goi\u00e1s in Formosa, a city in the metropolitan region of Bras\u00edlia.\u00a0He is also a collaborating researcher registered at the University of Brasilia in the Graduate Programs in Molecular Biology and Microbiology.\u00a0Other scientific collaborations that lie include the University of Leipzig in Germany, the University of Vienna in Austria, and the Federal University of Amazonas.\u00a0His research interests are diverse but converging to the use of Information Technology to solve biological, social, and business problems.<\/em><\/p>\n<p><em>As for education, PhD in Biological Sciences with a thesis in the area of Bioinformatics, Master in Informatics, Specialist in Information Security and Communications, Specialist in Software Engineering, Degree in Biology, Bachelor in Information Systems, and Technician in Data Processing.<\/em><\/p>\n<\/div>\n<div><em>Keywords to describe\u00a0his\u00a0work: Information Technology; Bioinformatics; process modelling; computer programming; databases; systems analysis;<\/em><\/div>\n<div>\n<hr \/>\n<p><strong>Redes Sociais e perfis profissionais\/Social media and professional profiles<\/strong><\/p>\n<\/div>\n<div>\n<ul>\n<li>http:\/\/lattes.cnpq.br\/2391349697609978<\/li>\n<li>https:\/\/orcid.org\/0000-0002-8660-6331<\/li>\n<li>https:\/\/scholar.google.com.br\/citations?user=5ghliIAAAAJ<\/li>\n<li>https:\/\/www.researchgate.net\/profile\/Waldeyr_Silva<\/li>\n<li>https:\/\/twitter.com\/waldeyr<\/li>\n<\/ul>\n<hr \/>\n<p><strong>Endere\u00e7o\/Address<\/strong><\/p>\n<p><img loading=\"lazy\" decoding=\"async\" src=\"http:\/\/ifg.edu.br\/images\/ifg\/img_campus\/endereco.png\" alt=\"Clique e acesse o mapa\" width=\"20\" height=\"16\" \/>\u00a0<a href=\"https:\/\/www.google.com.br\/maps\/place\/Instituto+Federal+de+Goi%C3%A1s+%2F+C%C3%A2mpus+Formosa\/@-15.562818,-47.327782,15z\/data=!4m2!3m1!1s0x0:0xb8ffbb72c45a6bd6?sa=X&amp;ved=0ahUKEwiI1bDmwojRAhXGGpAKHcFqAXgQ_BIIbDAM\" rel=\"noreferrer\">Rua 64, esq. c\/ Rua 11, s\/n, Expans\u00e3o Parque Lago. CEP: 73813-816. Formosa \u2013 GO.<\/a><br \/>\n<img loading=\"lazy\" decoding=\"async\" src=\"http:\/\/ifg.edu.br\/images\/ifg\/img_campus\/fone.png\" alt=\"Clique para acessar a lista de ramais\" width=\"20\" height=\"20\" \/>\u00a0<a href=\"tel:6136429450\" rel=\"alternate\">(61) 3642 9450<\/a><br \/>\n<img loading=\"lazy\" decoding=\"async\" src=\"http:\/\/ifg.edu.br\/images\/ifg\/img_campus\/email.png\" alt=\"Endere\u00e7o de email\" width=\"20\" height=\"14\" \/>\u00a0waldeyr.mendes<img loading=\"lazy\" decoding=\"async\" src=\"http:\/\/ifg.edu.br\/images\/ifg\/img_campus\/arroba.png\" alt=\"\" width=\"12\" height=\"13\" \/>ifg.edu.br<br \/>\n<img loading=\"lazy\" decoding=\"async\" src=\"http:\/\/ifg.edu.br\/images\/ifg\/img_campus\/site.png\" alt=\"\" width=\"20\" height=\"18\" \/>\u00a0<a href=\"http:\/\/www.ifg.edu.br\/formosa\" rel=\"alternate\">http:\/\/www.ifg.edu.br\/formosa<\/a><\/p>\n<\/div>\n","protected":false},"excerpt":{"rendered":"<p>Waldeyr Mendes Cordeiro da Silva, professor no Instituto Federal de Goi\u00e1s em Formosa, uma cidade da regi\u00e3o metropolitana de Bras\u00edlia.\u00a0Tamb\u00e9m \u00e9 pesquisador colaborador cadastrado na Universidade de Bras\u00edlia nos Programa de P\u00f3s-Gradua\u00e7\u00e3o em Biologia Molecular e Microbiologia.\u00a0Outras colabora\u00e7\u00f5es cient\u00edficas que mant\u00e9m, incluem a Universidade de Leipzig na Alemanha, a Universidade de Viena na \u00c1ustria e &hellip; <a href=\"https:\/\/docentes.ifg.edu.br\/waldeyr\/\" class=\"more-link\">Continue lendo<span class=\"screen-reader-text\"> &#8220;Prof. Waldeyr Mendes Cordeiro da Silva&#8221;<\/span><\/a><\/p>\n","protected":false},"author":27,"featured_media":0,"parent":0,"menu_order":0,"comment_status":"closed","ping_status":"open","template":"","meta":{"footnotes":""},"class_list":["post-2","page","type-page","status-publish","hentry"],"_links":{"self":[{"href":"https:\/\/docentes.ifg.edu.br\/waldeyr\/wp-json\/wp\/v2\/pages\/2"}],"collection":[{"href":"https:\/\/docentes.ifg.edu.br\/waldeyr\/wp-json\/wp\/v2\/pages"}],"about":[{"href":"https:\/\/docentes.ifg.edu.br\/waldeyr\/wp-json\/wp\/v2\/types\/page"}],"author":[{"embeddable":true,"href":"https:\/\/docentes.ifg.edu.br\/waldeyr\/wp-json\/wp\/v2\/users\/27"}],"replies":[{"embeddable":true,"href":"https:\/\/docentes.ifg.edu.br\/waldeyr\/wp-json\/wp\/v2\/comments?post=2"}],"version-history":[{"count":9,"href":"https:\/\/docentes.ifg.edu.br\/waldeyr\/wp-json\/wp\/v2\/pages\/2\/revisions"}],"predecessor-version":[{"id":23,"href":"https:\/\/docentes.ifg.edu.br\/waldeyr\/wp-json\/wp\/v2\/pages\/2\/revisions\/23"}],"wp:attachment":[{"href":"https:\/\/docentes.ifg.edu.br\/waldeyr\/wp-json\/wp\/v2\/media?parent=2"}],"curies":[{"name":"wp","href":"https:\/\/api.w.org\/{rel}","templated":true}]}}