{"id":25,"date":"2020-07-15T23:29:23","date_gmt":"2020-07-16T02:29:23","guid":{"rendered":"http:\/\/docentes.ifg.edu.br\/rcdiogo\/?page_id=25"},"modified":"2020-07-22T13:43:49","modified_gmt":"2020-07-22T16:43:49","slug":"extensao","status":"publish","type":"page","link":"https:\/\/docentes.ifg.edu.br\/rcdiogo\/atividades\/extensao\/","title":{"rendered":"Extens\u00e3o"},"content":{"rendered":"<h3>A\u00e7\u00f5es de extens\u00e3o<\/h3>\n<table class=\" alignleft\" cellspacing=\"1\" cellpadding=\"1\">\n<tbody>\n<tr>\n<td style=\"width: 179.767px\"><strong>T\u00edtulo<\/strong><\/td>\n<td style=\"width: 38.2333px\"><strong>Per\u00edodo<\/strong><\/td>\n<td style=\"width: 155px\"><strong>Coordenador(a)<\/strong><\/td>\n<td style=\"width: 276px\"><strong>Equipe<\/strong><\/td>\n<td style=\"width: 85px\"><strong>Arquivos<\/strong><\/td>\n<\/tr>\n<tr>\n<td style=\"width: 179.767px\">Ci\u00eancia no IFG: uma proposta de F\u00edsica interativa para estudantes do munic\u00edpio de Jata\u00ed<\/td>\n<td style=\"width: 38.2333px\">\u00a08\/2019 &#8211; 7\/2020<\/td>\n<td style=\"width: 155px\">\u00a0Rodrigo Ferreira Marinho<\/td>\n<td style=\"width: 276px\"><strong>Docentes<\/strong>: Marta J. F. Silva Souza, Rodrigo Claudino Diogo. <strong>Estudantes<\/strong>: Alice Cabral da Silva, Anne Gabrielle Ferreira de Freitas,\u00a0Caio J\u00fanio Batista Silva, Carlos Alessandro Fernandes de Oliveira, Glauceni Silva Assis Cavalcante, Jo\u00e3o Pedro Xavier dos Santos, Luiz Cesar Leite Filho, Thamires Ferreira Martins. <strong>Egresso<\/strong>: Nilian Divina de Freitas.<\/td>\n<td style=\"width: 85px\"><a href=\"http:\/\/ifg.edu.br\/attachments\/article\/1283\/1.%20Formul%C3%A1rio%20Ci%C3%AAncia%20do%20IFG.pdf\" target=\"_blank\">Projeto<\/a><\/td>\n<\/tr>\n<tr>\n<td style=\"width: 179.767px\">Clube de alfabetiza\u00e7\u00e3o cient\u00edfica: uma inicia\u00e7\u00e3o ao fant\u00e1stico mundo das Ci\u00eancias<\/td>\n<td style=\"width: 38.2333px\">8\/2018 &#8211; 9\/2019<\/td>\n<td style=\"width: 155px\">Rodrigo Claudino Diogo<\/td>\n<td style=\"width: 276px\"><strong>Docentes<\/strong>: Alline Braga Silva, K\u00eania Alves Pereira Lacerda, Maria Sueli da Silva Gon\u00e7alves, Rodrigo Ferreira Marinho. <strong>Estudantes<\/strong>: Sarah Nonato Matos, Jos\u00e9 Luiz de Carvalho, Luana Martins dos Santos, Vitor Hugo Queiroz Silva. <strong>Comunidade externa<\/strong>: Dayane Gomes de Oliveira (professora).<\/td>\n<td style=\"width: 85px\"><a href=\"http:\/\/docentes.ifg.edu.br\/rcdiogo\/wp-content\/uploads\/sites\/14\/2020\/07\/DOC01_Extensao_ClubeDeCiencias.pdf\">Projeto<\/a><\/td>\n<\/tr>\n<tr>\n<td style=\"width: 179.767px\">F\u00edsica no IFG<\/td>\n<td style=\"width: 38.2333px\">10\/2018 &#8211; 9\/2019<\/td>\n<td style=\"width: 155px\">Rodrigo Ferreira Marinho<\/td>\n<td style=\"width: 276px\"><strong>Docentes<\/strong>: Marta J. F. Silva Souza, Rodrigo Claudino Diogo. <strong>Estudantes<\/strong>: Alice Cabral da Silva, Anne Gabrielle Ferreira de Freitas, David Morony Silva, Glauceni Silva Assis Cavalcante, Luiz Cesar Leite Filho, Thamires Ferreira Martins.<\/td>\n<td style=\"width: 85px\"><a href=\"http:\/\/ifg.edu.br\/attachments\/article\/1283\/Projeto%20F%C3%ADsica%20no%20IFG.pdf\" target=\"_blank\">Projeto<\/a><\/p>\n<p><a href=\"http:\/\/ifg.edu.br\/attachments\/article\/1283\/Relat%C3%B3rio%20final%20F%C3%ADsica%20no%20IFG.pdf\" target=\"_blank\">Relat\u00f3rio<\/a><\/td>\n<\/tr>\n<\/tbody>\n<\/table>\n<p>&nbsp;<\/p>\n","protected":false},"excerpt":{"rendered":"<p>A\u00e7\u00f5es de extens\u00e3o T\u00edtulo Per\u00edodo Coordenador(a) Equipe Arquivos Ci\u00eancia no IFG: uma proposta de F\u00edsica interativa para estudantes do munic\u00edpio de Jata\u00ed \u00a08\/2019 &#8211; 7\/2020 \u00a0Rodrigo Ferreira Marinho Docentes: Marta J. F. Silva Souza, Rodrigo Claudino Diogo. Estudantes: Alice Cabral da Silva, Anne Gabrielle Ferreira de Freitas,\u00a0Caio J\u00fanio Batista Silva, Carlos Alessandro Fernandes de Oliveira, &#8230; <a title=\"Extens\u00e3o\" class=\"read-more\" href=\"https:\/\/docentes.ifg.edu.br\/rcdiogo\/atividades\/extensao\/\" aria-label=\"Read more about Extens\u00e3o\">Ler mais<\/a><\/p>\n","protected":false},"author":22,"featured_media":0,"parent":66,"menu_order":0,"comment_status":"closed","ping_status":"closed","template":"","meta":{"footnotes":""},"class_list":["post-25","page","type-page","status-publish"],"_links":{"self":[{"href":"https:\/\/docentes.ifg.edu.br\/rcdiogo\/wp-json\/wp\/v2\/pages\/25"}],"collection":[{"href":"https:\/\/docentes.ifg.edu.br\/rcdiogo\/wp-json\/wp\/v2\/pages"}],"about":[{"href":"https:\/\/docentes.ifg.edu.br\/rcdiogo\/wp-json\/wp\/v2\/types\/page"}],"author":[{"embeddable":true,"href":"https:\/\/docentes.ifg.edu.br\/rcdiogo\/wp-json\/wp\/v2\/users\/22"}],"replies":[{"embeddable":true,"href":"https:\/\/docentes.ifg.edu.br\/rcdiogo\/wp-json\/wp\/v2\/comments?post=25"}],"version-history":[{"count":9,"href":"https:\/\/docentes.ifg.edu.br\/rcdiogo\/wp-json\/wp\/v2\/pages\/25\/revisions"}],"predecessor-version":[{"id":139,"href":"https:\/\/docentes.ifg.edu.br\/rcdiogo\/wp-json\/wp\/v2\/pages\/25\/revisions\/139"}],"up":[{"embeddable":true,"href":"https:\/\/docentes.ifg.edu.br\/rcdiogo\/wp-json\/wp\/v2\/pages\/66"}],"wp:attachment":[{"href":"https:\/\/docentes.ifg.edu.br\/rcdiogo\/wp-json\/wp\/v2\/media?parent=25"}],"curies":[{"name":"wp","href":"https:\/\/api.w.org\/{rel}","templated":true}]}}