{"id":21,"date":"2019-08-05T15:44:05","date_gmt":"2019-08-05T18:44:05","guid":{"rendered":"http:\/\/docentes.ifg.edu.br\/leizer\/?page_id=21"},"modified":"2019-08-05T15:47:30","modified_gmt":"2019-08-05T18:47:30","slug":"formacao","status":"publish","type":"page","link":"https:\/\/docentes.ifg.edu.br\/leizer\/formacao\/","title":{"rendered":"Forma\u00e7\u00e3o"},"content":{"rendered":"<p><strong>DOUTORADO<\/strong><\/p>\n<p style=\"text-align: justify\">Doutorado em Educa\u00e7\u00e3o &#8211; pesquisa em Tecnologias Educacionais. (2018 &#8211; atual). <em>Universidade de Santiago de Compostela &#8211; USC(Espanha).\u00a0<\/em><\/p>\n<p style=\"text-align: justify\"><strong>MESTRADO<\/strong><\/p>\n<p style=\"text-align: justify\">Mestrado em Educa\u00e7\u00e3o para Ci\u00eancias e Matem\u00e1tica (2012-2014). <em>Instituto Federal de Educa\u00e7\u00e3o Ci\u00eancia e Tecnologia de Goi\u00e1s IFG &#8211; Campus Jata\u00ed.\u00a0<\/em><\/p>\n<p style=\"text-align: justify\"><strong>GRADUA\u00c7\u00c3O<\/strong><\/p>\n<p style=\"text-align: justify\">Tecnologia em Inform\u00e1tica com Habilita\u00e7\u00e3o em Sistemas de informa\u00e7\u00e3o (2004-2008). <em>Instituto Federal de Educa\u00e7\u00e3o Ci\u00eancia e Tecnologia de Goi\u00e1s IFG- Campus Jata\u00ed.\u00a0<\/em><\/p>\n<hr \/>\n<p><em><strong>FORMA\u00c7\u00c3O COMPLEMENTAR (\u00faltimos 5 anos)<\/strong><\/em><\/p>\n<ol>\n<li style=\"text-align: justify\">2018 &#8211; 2019 \u00a0\u00a0\u00a0\u00a0\u00a0\u00a0\u00a0\u00a0\u00a0 Curso de curta dura\u00e7\u00e3o\u00a0 em Estilo APA para trabalhos t\u00e9cnico-cient\u00edfico. (Carga hor\u00e1ria: 20h). Universidade Federal do Sul e Sudeste do Par\u00e1, UNIFESSPA, Maraba, Brasil<\/li>\n<li style=\"text-align: justify\">2019 &#8211; 2019 \u00a0\u00a0\u00a0\u00a0\u00a0\u00a0\u00a0\u00a0\u00a0 Curso de curta dura\u00e7\u00e3o\u00a0 em Perspectivas metodol\u00f3gicas na investiga\u00e7\u00e3o em Educa\u00e7\u00e3o. (Carga hor\u00e1ria: 20h).\u00a0Universidad de Santiago de Compostela &#8211; Campus Santiago, USC, Santiago De Compostela, Espanha<\/li>\n<li style=\"text-align: justify\">2019 &#8211; 2019 \u00a0\u00a0\u00a0\u00a0\u00a0\u00a0\u00a0\u00a0\u00a0 Curso de curta dura\u00e7\u00e3o\u00a0 em Estilo APA para trabalhos t\u00e9cnico-cient\u00edfico. (Carga hor\u00e1ria: 20h). Universidade Federal do Sul e Sudeste do Par\u00e1, UNIFESSPA, Maraba, Brasil<\/li>\n<li style=\"text-align: justify\">2018 &#8211; 2018 \u00a0\u00a0\u00a0\u00a0\u00a0\u00a0\u00a0\u00a0\u00a0 Curso de curta dura\u00e7\u00e3o\u00a0 em Metodologia Cient\u00edfica. (Carga hor\u00e1ria: 45h).\u00a0\u00a0 Veduca, Veduca, Sao Paulo, Brasil<\/li>\n<li style=\"text-align: justify\">2018 &#8211; 2018 \u00a0\u00a0\u00a0\u00a0\u00a0\u00a0\u00a0\u00a0\u00a0 Curso de curta dura\u00e7\u00e3o\u00a0 em Ense\u00f1ar y aprender en la cultura digital: desaf\u00edos y deudas pendientes. (Carga hor\u00e1ria: 2h). Instituto Internacional de Planejamento da Educa\u00e7\u00e3o, IIPE, Argentina<\/li>\n<li style=\"text-align: justify\">2018 &#8211; 2018 \u00a0\u00a0\u00a0\u00a0\u00a0\u00a0\u00a0\u00a0\u00a0 Curso de curta dura\u00e7\u00e3o\u00a0 em Desaf\u00edos y tendencias en las pol\u00edticas digitales para el desarrollo profes. (Carga hor\u00e1ria: 2h).\u00a0 Instituto Internacional de Planejamento da Educa\u00e7\u00e3o, IIPE, Argentina<\/li>\n<li style=\"text-align: justify\">2018 &#8211; 2018 \u00a0\u00a0\u00a0\u00a0\u00a0\u00a0\u00a0\u00a0\u00a0 Curso de curta dura\u00e7\u00e3o\u00a0 em Pensamento Computacional Desplugado. (Carga hor\u00e1ria: 4h).\u00a0\u00a0 Instituto Federal de Educa\u00e7\u00e3o, Ci\u00eancia e Tecnologia de Goi\u00e1s &#8211; C\u00e2mpus Jata\u00ed, IFG, Brasil<\/li>\n<li style=\"text-align: justify\">2018 &#8211; 2018 \u00a0\u00a0\u00a0\u00a0\u00a0\u00a0\u00a0\u00a0\u00a0 Curso de curta dura\u00e7\u00e3o\u00a0 em Capacita\u00e7\u00e3o para Docentes Compor o BASis (INEP\/MEC). (Carga hor\u00e1ria: 90h).\u00a0 Instituto Nacional de Estudos e Pesquisas Educacionais An\u00edsio Teixeira, INEP\/MEC, Bras\u00edlia, Brasil<\/li>\n<li style=\"text-align: justify\">2018 &#8211; 2018 \u00a0\u00a0\u00a0\u00a0\u00a0\u00a0\u00a0\u00a0\u00a0 Curso de curta dura\u00e7\u00e3o\u00a0 em Los paquetes IBM SpSS Statistics. (Carga hor\u00e1ria: 8h).\u00a0 Universidad de Santiago de Compostela &#8211; Campus Santiago, USC, Santiago De Compostela, Espanha<\/li>\n<li style=\"text-align: justify\">2017 &#8211; 2017 \u00a0\u00a0\u00a0\u00a0\u00a0\u00a0\u00a0\u00a0\u00a0 Curso de curta dura\u00e7\u00e3o\u00a0 em Como escrever artigos cient\u00edficos. (Carga hor\u00e1ria: 4h). Instituto Federal de Educa\u00e7\u00e3o, Ci\u00eancia e Tecnologia de Goi\u00e1s &#8211; C\u00e2mpus Jata\u00ed, IFG, Brasil<\/li>\n<li style=\"text-align: justify\">2016 &#8211; 2016 \u00a0\u00a0\u00a0\u00a0\u00a0\u00a0\u00a0\u00a0\u00a0 Curso de curta dura\u00e7\u00e3o\u00a0 em Arquivo do acervo acad\u00eamico do C\u00e2mpus Jata\u00ed. (Carga hor\u00e1ria: 6h).\u00a0 Instituto Federal de Educa\u00e7\u00e3o, Ci\u00eancia e Tecnologia de Goi\u00e1s &#8211; C\u00e2mpus Jata\u00ed, IFG, Brasil<\/li>\n<li style=\"text-align: justify\">2015 &#8211; 2015 \u00a0\u00a0\u00a0\u00a0\u00a0\u00a0\u00a0\u00a0\u00a0 Curso de curta dura\u00e7\u00e3o\u00a0 em Introdu\u00e7\u00e3o ao Bootstrap: layoults r\u00e1pidos e responsivos. (Carga hor\u00e1ria: 4h). Universidade Federal de Goi\u00e1s, UFG, Goiania, Brasil<\/li>\n<li style=\"text-align: justify\">2015 &#8211; 2015 \u00a0\u00a0\u00a0\u00a0\u00a0\u00a0\u00a0\u00a0\u00a0 Curso de curta dura\u00e7\u00e3o\u00a0 em Corel Draw. (Carga hor\u00e1ria: 7h).\u00a0 Instituto Federal de Educa\u00e7\u00e3o, Ci\u00eancia e Tecnologia de Goi\u00e1s &#8211; C\u00e2mpus Jata\u00ed, IFG, Brasil<\/li>\n<\/ol>\n","protected":false},"excerpt":{"rendered":"<p>DOUTORADO Doutorado em Educa\u00e7\u00e3o &#8211; pesquisa em Tecnologias Educacionais. (2018 &#8211; atual). Universidade de Santiago de Compostela &#8211; USC(Espanha).\u00a0 MESTRADO Mestrado em Educa\u00e7\u00e3o para Ci\u00eancias e Matem\u00e1tica (2012-2014). Instituto Federal de Educa\u00e7\u00e3o Ci\u00eancia e Tecnologia de Goi\u00e1s IFG &#8211; Campus Jata\u00ed.\u00a0 GRADUA\u00c7\u00c3O Tecnologia em Inform\u00e1tica com Habilita\u00e7\u00e3o em Sistemas de informa\u00e7\u00e3o (2004-2008). Instituto Federal de &#8230; <a title=\"Forma\u00e7\u00e3o\" class=\"read-more\" href=\"https:\/\/docentes.ifg.edu.br\/leizer\/formacao\/\" aria-label=\"Read more about Forma\u00e7\u00e3o\">Ler mais<\/a><\/p>\n","protected":false},"author":24,"featured_media":0,"parent":0,"menu_order":0,"comment_status":"closed","ping_status":"closed","template":"","meta":{"footnotes":""},"class_list":["post-21","page","type-page","status-publish"],"_links":{"self":[{"href":"https:\/\/docentes.ifg.edu.br\/leizer\/wp-json\/wp\/v2\/pages\/21"}],"collection":[{"href":"https:\/\/docentes.ifg.edu.br\/leizer\/wp-json\/wp\/v2\/pages"}],"about":[{"href":"https:\/\/docentes.ifg.edu.br\/leizer\/wp-json\/wp\/v2\/types\/page"}],"author":[{"embeddable":true,"href":"https:\/\/docentes.ifg.edu.br\/leizer\/wp-json\/wp\/v2\/users\/24"}],"replies":[{"embeddable":true,"href":"https:\/\/docentes.ifg.edu.br\/leizer\/wp-json\/wp\/v2\/comments?post=21"}],"version-history":[{"count":4,"href":"https:\/\/docentes.ifg.edu.br\/leizer\/wp-json\/wp\/v2\/pages\/21\/revisions"}],"predecessor-version":[{"id":26,"href":"https:\/\/docentes.ifg.edu.br\/leizer\/wp-json\/wp\/v2\/pages\/21\/revisions\/26"}],"wp:attachment":[{"href":"https:\/\/docentes.ifg.edu.br\/leizer\/wp-json\/wp\/v2\/media?parent=21"}],"curies":[{"name":"wp","href":"https:\/\/api.w.org\/{rel}","templated":true}]}}