{"id":266,"date":"2022-04-29T15:52:09","date_gmt":"2022-04-29T18:52:09","guid":{"rendered":"http:\/\/docentes.ifg.edu.br\/danielordine\/?page_id=266"},"modified":"2023-03-07T07:33:30","modified_gmt":"2023-03-07T10:33:30","slug":"historiadafisicaemcontexto","status":"publish","type":"page","link":"https:\/\/docentes.ifg.edu.br\/danielordine\/pesquisa\/historiadafisicaemcontexto\/","title":{"rendered":"Hist\u00f3ria e Epistemologia da F\u00edsica em Contexto"},"content":{"rendered":"<p>Diversos autores chamam aten\u00e7\u00e3o para como o ensino de ci\u00eancias se beneficia do ensino de hist\u00f3ria da ci\u00eancia e de uma vis\u00e3o epistemol\u00f3gica mais cr\u00edtica.<\/p>\n<p>Epistemologia da F\u00edsica \u00e9, de maneira bem simplificada, o estudo da constru\u00e7\u00e3o desse campo de conhecimento. Se voc\u00ea aprendeu em algum lugar que f\u00edsica \u00e9 sobre fazer experimentos imparciais e a partir da\u00ed encontrar &#8220;a verdade&#8221; sobre o universo atrav\u00e9s de l\u00f3gica, de acordo com muitos\u00a0pesquisadores n\u00e3o \u00e9 exatamente isso que a pr\u00e1tica cient\u00edfica aponta. A F\u00edsica \u00e9 uma atividade humana, e como tal est\u00e1 sujeita a contextos hist\u00f3ricos, sociais, pol\u00edticos, tecnol\u00f3gicos e culturais.<\/p>\n<p>Orientei dois PIBICs nessa linha sobre <strong>f\u00edsica em filmes, s\u00e9ries e animes<\/strong>, com as estudantes Geovana Sant&#8217;Ana e Maria Clara Cruz. Basicamente o objetivo \u00e9 analisar atrav\u00e9s de exemplos como utilizar esses produtos culturais para aproximar estudantes\u00a0da f\u00edsica. N\u00c3O foi um PIBIC sobre fazer continhas matem\u00e1ticas em cenas (&#8220;calcule a velocidade do carro na cena tal&#8221;, isso n\u00e3o), como muitas vezes esses recursos s\u00e3o utilizados no ensino.\u00a0 Se voc\u00eas quiserem ver a palestra que elas deram na SECITEC de 2021 <a href=\"https:\/\/www.youtube.com\/watch?v=3-4fXEFKNKs\">clique aqui<\/a>. Estamos interessados em quest\u00f5es mais conceituais, como os termos cient\u00edficos aparecem, como ideias f\u00edsicas s\u00e3o representadas, e at\u00e9 como a no\u00e7\u00e3o de ci\u00eancia e da pr\u00e1tica cient\u00edfica \u00e9 retratada. Esse PIBIC \u00e9 mais adequado para quem \u00e9 bem f\u00e3 de filmes ou s\u00e9ries, porque envolve assistir e reassistir coisas com olhar cr\u00edtico.<\/p>\n<p>Dentro dessa linha de hist\u00f3ria e epistemologia da f\u00edsica, fa\u00e7o parte de um grupo de pesquisa com os professores Geraldo Witeze e Rangel Godinho do c\u00e2mpus An\u00e1polis e a professora Camila de Vasconcelos do c\u00e2mpus Luzi\u00e2nia onde investigamos como os estudantes veem a <strong>rela\u00e7\u00e3o entre ci\u00eancia e religi\u00e3o<\/strong>.\u00a0Eu particularmente defendo\u00a0que ci\u00eancia deve ser abordada sim em sala de aula, para trazer a cultura do estudante para dentro da escola e poder trabalhar a partir dela, e tamb\u00e9m para incentivar a toler\u00e2ncia e a possibilidade de di\u00e1logo. Embaso essa vis\u00e3o a partir de uma perspectiva te\u00f3rica freiriana.<\/p>\n<p>Tamb\u00e9m terminei\u00a0um PIBIC\u00a0com a estudante Bianca Scherer que investigou essa rela\u00e7\u00e3o <strong>a partir de exemplos hist\u00f3ricos da f\u00edsica<\/strong>. Por exemplo, h\u00e1 o mito de que a igreja quase jogou Galileu na fogueira e que odiavam a ci\u00eancia, mas a verdade \u00e9 bem mais complexa e interessante. Hoje em dia a teoria do Big-Bang \u00e9 odiada por muitos religiosos, mas ela foi em partes criada por um padre, e no in\u00edcio os cientistas n\u00e3o gostavam dela justamente por parecer muito religiosa (&#8220;como assim um universo que n\u00e3o existia e de repente existe? Isso t\u00e1 parecendo religi\u00e3o!&#8221;). ).<\/p>\n<p>Al\u00e9m desses PIBICs, tem v\u00e1rias outras coisas que caberiam dentro dessa grande linha &#8220;<strong>Hist\u00f3ria e Epistemologia da F\u00edsica em Contexto<\/strong>&#8220;.\u00a0Alguns temas que penso em trabalhar se tiver alunos interessados:<\/p>\n<ul>\n<li><strong>O impacto dos conceitos sobre f\u00edsica qu\u00e2ntica na sociedade<\/strong>, no ensino e\u00a0na sa\u00fade (por exemplo, pessoas que recusam tratamento m\u00e9dico com argumentos de que tudo que voc\u00ea precisa \u00e9 vibrar na frequ\u00eancia do universo ou qualquer loucura assim).<\/li>\n<li><strong>Hist\u00f3ria sobre a descoberta da radiatividade<\/strong>, sua utiliza\u00e7\u00e3o na sa\u00fade e os riscos (tenho um grande amigo que \u00e9 f\u00edsico m\u00e9dico e trabalha no Hospital de Base, ele poderia ajudar).<\/li>\n<li>Como foi a <strong>persegui\u00e7\u00e3o a f\u00edsicos\u00a0na \u00e9poca da ditadura<\/strong>. Esse projeto buscaria materiais como biografias de f\u00edsicos da \u00e9poca, e tentar compilar suas hist\u00f3rias e contextualizar a realidade da pesquisa em f\u00edsica no Brasil na \u00e9poca.<\/li>\n<li><strong>A pol\u00eamica de Otto Hahn<\/strong>: h\u00e1 muita especula\u00e7\u00e3o sobre o comportamento do f\u00edsico Otto Hahn em ter ficado na Alemanha durante o per\u00edodo nazista enquanto seus colegas eram perseguidos, e de n\u00e3o ter atribu\u00eddo \u00e0 f\u00edsica Lise Meitner colabora\u00e7\u00e3o na descoberta da fiss\u00e3o nuclear. Eu tenho um pouco de curiosidade em vasculhar artigos que tenham explorado os motivos para isso. <em>Necess\u00e1rio leitura em ingl\u00eas<\/em><\/li>\n<li><strong>A Lei de Snell-Descartes<\/strong>: a lei que explica a deflex\u00e3o de um raio de luz ao mudar de meio, sempre estudada no ensino m\u00e9dio, possui pol\u00eamicas de autoria bem interessantes. Para alguns autores Descartes &#8220;forjou&#8221; suas conclus\u00f5es, j\u00e1 sabendo qual tinha que ser o resultado. O trabalho de Snell foi divulgado s\u00f3 100 anos mais tarde de sua suposta publica\u00e7\u00e3o, por um conterr\u00e2neo (Huygens). Discutir essas controv\u00e9rsias no ensino m\u00e9dio em conjunto com a disciplina de filosofia e sociologia \u00e9 uma excelente maneira que trabalhar\u00a0quest\u00f5es do que \u00e9 fazer ci\u00eancia.<\/li>\n<li><strong>A hegemonia da f\u00edsica Newtoniana<\/strong>, o conceito de espa\u00e7o absoluto e a realidade ou n\u00e3o das for\u00e7as inerciais. Pode ser interessante estudar a mec\u00e2nica relacional de Koch-Assis como um contraponto a essa hegemonia.<\/li>\n<li>Tem pouco mais de 100 anos que a humanidade descobriu, atrav\u00e9s de evid\u00eancias bem embasadas, que estamos em uma \u00fanica gal\u00e1xia em um universo de centenas de bilh\u00f5es de outras. Me interessa estudar o <strong>processo de descoberta das gal\u00e1xias<\/strong> (e a Via-L\u00e1ctea como uma delas) e como isso impactou o mundo (obras culturais, influ\u00eancias na religi\u00e3o, etc.)<\/li>\n<\/ul>\n<p>Essas foram s\u00f3 algumas ideias de temas. Se voc\u00ea tem algum outro tema, pode sugerir tamb\u00e9m!<\/p>\n","protected":false},"excerpt":{"rendered":"<p>Diversos autores chamam aten\u00e7\u00e3o para como o ensino de ci\u00eancias se beneficia do ensino de hist\u00f3ria da ci\u00eancia e de uma vis\u00e3o epistemol\u00f3gica mais cr\u00edtica. Epistemologia da F\u00edsica \u00e9, de maneira bem simplificada, o estudo da constru\u00e7\u00e3o desse campo de conhecimento. Se voc\u00ea aprendeu em algum lugar que f\u00edsica \u00e9 sobre fazer experimentos imparciais e &#8230; <a title=\"Hist\u00f3ria e Epistemologia da F\u00edsica em Contexto\" class=\"read-more\" href=\"https:\/\/docentes.ifg.edu.br\/danielordine\/pesquisa\/historiadafisicaemcontexto\/\" aria-label=\"Read more about Hist\u00f3ria e Epistemologia da F\u00edsica em Contexto\">Ler mais<\/a><\/p>\n","protected":false},"author":21,"featured_media":0,"parent":8,"menu_order":0,"comment_status":"closed","ping_status":"closed","template":"","meta":{"footnotes":""},"class_list":["post-266","page","type-page","status-publish"],"_links":{"self":[{"href":"https:\/\/docentes.ifg.edu.br\/danielordine\/wp-json\/wp\/v2\/pages\/266"}],"collection":[{"href":"https:\/\/docentes.ifg.edu.br\/danielordine\/wp-json\/wp\/v2\/pages"}],"about":[{"href":"https:\/\/docentes.ifg.edu.br\/danielordine\/wp-json\/wp\/v2\/types\/page"}],"author":[{"embeddable":true,"href":"https:\/\/docentes.ifg.edu.br\/danielordine\/wp-json\/wp\/v2\/users\/21"}],"replies":[{"embeddable":true,"href":"https:\/\/docentes.ifg.edu.br\/danielordine\/wp-json\/wp\/v2\/comments?post=266"}],"version-history":[{"count":10,"href":"https:\/\/docentes.ifg.edu.br\/danielordine\/wp-json\/wp\/v2\/pages\/266\/revisions"}],"predecessor-version":[{"id":324,"href":"https:\/\/docentes.ifg.edu.br\/danielordine\/wp-json\/wp\/v2\/pages\/266\/revisions\/324"}],"up":[{"embeddable":true,"href":"https:\/\/docentes.ifg.edu.br\/danielordine\/wp-json\/wp\/v2\/pages\/8"}],"wp:attachment":[{"href":"https:\/\/docentes.ifg.edu.br\/danielordine\/wp-json\/wp\/v2\/media?parent=266"}],"curies":[{"name":"wp","href":"https:\/\/api.w.org\/{rel}","templated":true}]}}